{"id":17738,"date":"2026-04-28T12:09:43","date_gmt":"2026-04-28T10:09:43","guid":{"rendered":"https:\/\/pacific-credo.fr\/?post_type=interventions-exteri&#038;p=17738"},"modified":"2026-04-28T12:14:07","modified_gmt":"2026-04-28T10:14:07","slug":"diego-munoz-donnera-la-conference-waitangi-a-rapa-nui-los-tratados-de-cesion-y-los-dilemas-contemporaneos-sobre-la-soberania","status":"publish","type":"interventions-exteri","link":"https:\/\/pacific-credo.fr\/en\/interventions-exteri\/diego-munoz-donnera-la-conference-waitangi-a-rapa-nui-los-tratados-de-cesion-y-los-dilemas-contemporaneos-sobre-la-soberania\/","title":{"rendered":"Diego Mu\u00f1oz donnera la conf\u00e9rence Waitangi a Rapa Nui."},"excerpt":{"rendered":"<p>\u00e0 l&rsquo;UNAM pour le programme d&rsquo;Edutes &lsquo;Asia, Afriaca y Oceania&rsquo;<br \/>\n(Conf\u00e9rence en ligne et en espagnol)<\/p>","protected":false},"featured_media":9783,"template":"","meta":{"_acf_changed":false},"class_list":["post-17738","interventions-exteri","type-interventions-exteri","status-publish","has-post-thumbnail","hentry"],"acf":[],"yoast_head":"<!-- This site is optimized with the Yoast SEO plugin v26.6 - https:\/\/yoast.com\/wordpress\/plugins\/seo\/ -->\n<title>Diego Mu\u00f1oz donnera la conf\u00e9rence Waitangi a Rapa Nui. - Credo<\/title>\n<meta name=\"robots\" content=\"index, follow, max-snippet:-1, max-image-preview:large, max-video-preview:-1\" \/>\n<link rel=\"canonical\" href=\"https:\/\/pacific-credo.fr\/en\/interventions-exteri\/diego-munoz-donnera-la-conference-waitangi-a-rapa-nui-los-tratados-de-cesion-y-los-dilemas-contemporaneos-sobre-la-soberania\/\" \/>\n<meta property=\"og:locale\" content=\"en_US\" \/>\n<meta property=\"og:type\" content=\"article\" \/>\n<meta property=\"og:title\" content=\"Diego Mu\u00f1oz donnera la conf\u00e9rence Waitangi a Rapa Nui. - Credo\" \/>\n<meta property=\"og:description\" content=\"\u00e0 l&#039;UNAM pour le programme d&#039;Edutes &#039;Asia, Afriaca y Oceania&#039; (Conf\u00e9rence en ligne et en espagnol)\" \/>\n<meta property=\"og:url\" content=\"https:\/\/pacific-credo.fr\/en\/interventions-exteri\/diego-munoz-donnera-la-conference-waitangi-a-rapa-nui-los-tratados-de-cesion-y-los-dilemas-contemporaneos-sobre-la-soberania\/\" \/>\n<meta property=\"og:site_name\" content=\"Credo\" \/>\n<meta property=\"article:publisher\" content=\"https:\/\/www.facebook.com\/people\/CREDO-Centre-de-Recherche-et-de-Documentation-sur-lOcanie\/100087147725332\/\" \/>\n<meta property=\"article:modified_time\" content=\"2026-04-28T10:14:07+00:00\" \/>\n<meta property=\"og:image\" content=\"https:\/\/pacific-credo.fr\/wp-content\/uploads\/2025\/01\/Design-sans-titre-4.webp\" \/>\n\t<meta property=\"og:image:width\" content=\"464\" \/>\n\t<meta property=\"og:image:height\" content=\"321\" \/>\n\t<meta property=\"og:image:type\" content=\"image\/webp\" \/>\n<meta name=\"twitter:card\" content=\"summary_large_image\" \/>\n<meta name=\"twitter:label1\" content=\"Est. reading time\" \/>\n\t<meta name=\"twitter:data1\" content=\"1 minute\" \/>\n<script type=\"application\/ld+json\" class=\"yoast-schema-graph\">{\"@context\":\"https:\/\/schema.org\",\"@graph\":[{\"@type\":\"WebPage\",\"@id\":\"https:\/\/pacific-credo.fr\/interventions-exteri\/diego-munoz-donnera-la-conference-waitangi-a-rapa-nui-los-tratados-de-cesion-y-los-dilemas-contemporaneos-sobre-la-soberania\/\",\"url\":\"https:\/\/pacific-credo.fr\/interventions-exteri\/diego-munoz-donnera-la-conference-waitangi-a-rapa-nui-los-tratados-de-cesion-y-los-dilemas-contemporaneos-sobre-la-soberania\/\",\"name\":\"Diego Mu\u00f1oz donnera la conf\u00e9rence Waitangi a Rapa Nui. - Credo\",\"isPartOf\":{\"@id\":\"https:\/\/pacific-credo.fr\/en\/#website\"},\"primaryImageOfPage\":{\"@id\":\"https:\/\/pacific-credo.fr\/interventions-exteri\/diego-munoz-donnera-la-conference-waitangi-a-rapa-nui-los-tratados-de-cesion-y-los-dilemas-contemporaneos-sobre-la-soberania\/#primaryimage\"},\"image\":{\"@id\":\"https:\/\/pacific-credo.fr\/interventions-exteri\/diego-munoz-donnera-la-conference-waitangi-a-rapa-nui-los-tratados-de-cesion-y-los-dilemas-contemporaneos-sobre-la-soberania\/#primaryimage\"},\"thumbnailUrl\":\"https:\/\/pacific-credo.fr\/wp-content\/uploads\/2025\/01\/Design-sans-titre-4.webp\",\"datePublished\":\"2026-04-28T10:09:43+00:00\",\"dateModified\":\"2026-04-28T10:14:07+00:00\",\"breadcrumb\":{\"@id\":\"https:\/\/pacific-credo.fr\/interventions-exteri\/diego-munoz-donnera-la-conference-waitangi-a-rapa-nui-los-tratados-de-cesion-y-los-dilemas-contemporaneos-sobre-la-soberania\/#breadcrumb\"},\"inLanguage\":\"en-US\",\"potentialAction\":[{\"@type\":\"ReadAction\",\"target\":[\"https:\/\/pacific-credo.fr\/interventions-exteri\/diego-munoz-donnera-la-conference-waitangi-a-rapa-nui-los-tratados-de-cesion-y-los-dilemas-contemporaneos-sobre-la-soberania\/\"]}]},{\"@type\":\"ImageObject\",\"inLanguage\":\"en-US\",\"@id\":\"https:\/\/pacific-credo.fr\/interventions-exteri\/diego-munoz-donnera-la-conference-waitangi-a-rapa-nui-los-tratados-de-cesion-y-los-dilemas-contemporaneos-sobre-la-soberania\/#primaryimage\",\"url\":\"https:\/\/pacific-credo.fr\/wp-content\/uploads\/2025\/01\/Design-sans-titre-4.webp\",\"contentUrl\":\"https:\/\/pacific-credo.fr\/wp-content\/uploads\/2025\/01\/Design-sans-titre-4.webp\",\"width\":464,\"height\":321},{\"@type\":\"BreadcrumbList\",\"@id\":\"https:\/\/pacific-credo.fr\/interventions-exteri\/diego-munoz-donnera-la-conference-waitangi-a-rapa-nui-los-tratados-de-cesion-y-los-dilemas-contemporaneos-sobre-la-soberania\/#breadcrumb\",\"itemListElement\":[{\"@type\":\"ListItem\",\"position\":1,\"name\":\"Accueil\",\"item\":\"https:\/\/pacific-credo.fr\/\"},{\"@type\":\"ListItem\",\"position\":2,\"name\":\"Diego Mu\u00f1oz donnera la conf\u00e9rence Waitangi a Rapa Nui.\"}]},{\"@type\":\"WebSite\",\"@id\":\"https:\/\/pacific-credo.fr\/en\/#website\",\"url\":\"https:\/\/pacific-credo.fr\/en\/\",\"name\":\"Credo\",\"description\":\"\",\"publisher\":{\"@id\":\"https:\/\/pacific-credo.fr\/en\/#organization\"},\"potentialAction\":[{\"@type\":\"SearchAction\",\"target\":{\"@type\":\"EntryPoint\",\"urlTemplate\":\"https:\/\/pacific-credo.fr\/en\/?s={search_term_string}\"},\"query-input\":{\"@type\":\"PropertyValueSpecification\",\"valueRequired\":true,\"valueName\":\"search_term_string\"}}],\"inLanguage\":\"en-US\"},{\"@type\":\"Organization\",\"@id\":\"https:\/\/pacific-credo.fr\/en\/#organization\",\"name\":\"Credo\",\"url\":\"https:\/\/pacific-credo.fr\/en\/\",\"logo\":{\"@type\":\"ImageObject\",\"inLanguage\":\"en-US\",\"@id\":\"https:\/\/pacific-credo.fr\/en\/#\/schema\/logo\/image\/\",\"url\":\"https:\/\/pacific-credo.fr\/wp-content\/uploads\/2024\/07\/\u00aeCREDO.webp\",\"contentUrl\":\"https:\/\/pacific-credo.fr\/wp-content\/uploads\/2024\/07\/\u00aeCREDO.webp\",\"width\":637,\"height\":591,\"caption\":\"Credo\"},\"image\":{\"@id\":\"https:\/\/pacific-credo.fr\/en\/#\/schema\/logo\/image\/\"},\"sameAs\":[\"https:\/\/www.facebook.com\/people\/CREDO-Centre-de-Recherche-et-de-Documentation-sur-lOcanie\/100087147725332\/\",\"https:\/\/www.linkedin.com\/company\/credo-centre-de-recherche-et-de-documentation-sur-l-ocanie\/about\/?viewAsMember=true\"]}]}<\/script>\n<!-- \/ Yoast SEO plugin. -->","yoast_head_json":{"title":"Diego Mu\u00f1oz donnera la conf\u00e9rence Waitangi a Rapa Nui. - Credo","robots":{"index":"index","follow":"follow","max-snippet":"max-snippet:-1","max-image-preview":"max-image-preview:large","max-video-preview":"max-video-preview:-1"},"canonical":"https:\/\/pacific-credo.fr\/en\/interventions-exteri\/diego-munoz-donnera-la-conference-waitangi-a-rapa-nui-los-tratados-de-cesion-y-los-dilemas-contemporaneos-sobre-la-soberania\/","og_locale":"en_US","og_type":"article","og_title":"Diego Mu\u00f1oz donnera la conf\u00e9rence Waitangi a Rapa Nui. - Credo","og_description":"\u00e0 l'UNAM pour le programme d'Edutes 'Asia, Afriaca y Oceania' (Conf\u00e9rence en ligne et en espagnol)","og_url":"https:\/\/pacific-credo.fr\/en\/interventions-exteri\/diego-munoz-donnera-la-conference-waitangi-a-rapa-nui-los-tratados-de-cesion-y-los-dilemas-contemporaneos-sobre-la-soberania\/","og_site_name":"Credo","article_publisher":"https:\/\/www.facebook.com\/people\/CREDO-Centre-de-Recherche-et-de-Documentation-sur-lOcanie\/100087147725332\/","article_modified_time":"2026-04-28T10:14:07+00:00","og_image":[{"width":464,"height":321,"url":"https:\/\/pacific-credo.fr\/wp-content\/uploads\/2025\/01\/Design-sans-titre-4.webp","type":"image\/webp"}],"twitter_card":"summary_large_image","twitter_misc":{"Est. reading time":"1 minute"},"schema":{"@context":"https:\/\/schema.org","@graph":[{"@type":"WebPage","@id":"https:\/\/pacific-credo.fr\/interventions-exteri\/diego-munoz-donnera-la-conference-waitangi-a-rapa-nui-los-tratados-de-cesion-y-los-dilemas-contemporaneos-sobre-la-soberania\/","url":"https:\/\/pacific-credo.fr\/interventions-exteri\/diego-munoz-donnera-la-conference-waitangi-a-rapa-nui-los-tratados-de-cesion-y-los-dilemas-contemporaneos-sobre-la-soberania\/","name":"Diego Mu\u00f1oz donnera la conf\u00e9rence Waitangi a Rapa Nui. - Credo","isPartOf":{"@id":"https:\/\/pacific-credo.fr\/en\/#website"},"primaryImageOfPage":{"@id":"https:\/\/pacific-credo.fr\/interventions-exteri\/diego-munoz-donnera-la-conference-waitangi-a-rapa-nui-los-tratados-de-cesion-y-los-dilemas-contemporaneos-sobre-la-soberania\/#primaryimage"},"image":{"@id":"https:\/\/pacific-credo.fr\/interventions-exteri\/diego-munoz-donnera-la-conference-waitangi-a-rapa-nui-los-tratados-de-cesion-y-los-dilemas-contemporaneos-sobre-la-soberania\/#primaryimage"},"thumbnailUrl":"https:\/\/pacific-credo.fr\/wp-content\/uploads\/2025\/01\/Design-sans-titre-4.webp","datePublished":"2026-04-28T10:09:43+00:00","dateModified":"2026-04-28T10:14:07+00:00","breadcrumb":{"@id":"https:\/\/pacific-credo.fr\/interventions-exteri\/diego-munoz-donnera-la-conference-waitangi-a-rapa-nui-los-tratados-de-cesion-y-los-dilemas-contemporaneos-sobre-la-soberania\/#breadcrumb"},"inLanguage":"en-US","potentialAction":[{"@type":"ReadAction","target":["https:\/\/pacific-credo.fr\/interventions-exteri\/diego-munoz-donnera-la-conference-waitangi-a-rapa-nui-los-tratados-de-cesion-y-los-dilemas-contemporaneos-sobre-la-soberania\/"]}]},{"@type":"ImageObject","inLanguage":"en-US","@id":"https:\/\/pacific-credo.fr\/interventions-exteri\/diego-munoz-donnera-la-conference-waitangi-a-rapa-nui-los-tratados-de-cesion-y-los-dilemas-contemporaneos-sobre-la-soberania\/#primaryimage","url":"https:\/\/pacific-credo.fr\/wp-content\/uploads\/2025\/01\/Design-sans-titre-4.webp","contentUrl":"https:\/\/pacific-credo.fr\/wp-content\/uploads\/2025\/01\/Design-sans-titre-4.webp","width":464,"height":321},{"@type":"BreadcrumbList","@id":"https:\/\/pacific-credo.fr\/interventions-exteri\/diego-munoz-donnera-la-conference-waitangi-a-rapa-nui-los-tratados-de-cesion-y-los-dilemas-contemporaneos-sobre-la-soberania\/#breadcrumb","itemListElement":[{"@type":"ListItem","position":1,"name":"Accueil","item":"https:\/\/pacific-credo.fr\/"},{"@type":"ListItem","position":2,"name":"Diego Mu\u00f1oz donnera la conf\u00e9rence Waitangi a Rapa Nui."}]},{"@type":"WebSite","@id":"https:\/\/pacific-credo.fr\/en\/#website","url":"https:\/\/pacific-credo.fr\/en\/","name":"Credo","description":"","publisher":{"@id":"https:\/\/pacific-credo.fr\/en\/#organization"},"potentialAction":[{"@type":"SearchAction","target":{"@type":"EntryPoint","urlTemplate":"https:\/\/pacific-credo.fr\/en\/?s={search_term_string}"},"query-input":{"@type":"PropertyValueSpecification","valueRequired":true,"valueName":"search_term_string"}}],"inLanguage":"en-US"},{"@type":"Organization","@id":"https:\/\/pacific-credo.fr\/en\/#organization","name":"Credo","url":"https:\/\/pacific-credo.fr\/en\/","logo":{"@type":"ImageObject","inLanguage":"en-US","@id":"https:\/\/pacific-credo.fr\/en\/#\/schema\/logo\/image\/","url":"https:\/\/pacific-credo.fr\/wp-content\/uploads\/2024\/07\/\u00aeCREDO.webp","contentUrl":"https:\/\/pacific-credo.fr\/wp-content\/uploads\/2024\/07\/\u00aeCREDO.webp","width":637,"height":591,"caption":"Credo"},"image":{"@id":"https:\/\/pacific-credo.fr\/en\/#\/schema\/logo\/image\/"},"sameAs":["https:\/\/www.facebook.com\/people\/CREDO-Centre-de-Recherche-et-de-Documentation-sur-lOcanie\/100087147725332\/","https:\/\/www.linkedin.com\/company\/credo-centre-de-recherche-et-de-documentation-sur-l-ocanie\/about\/?viewAsMember=true"]}]}},"_links":{"self":[{"href":"https:\/\/pacific-credo.fr\/en\/wp-json\/wp\/v2\/interventions-exteri\/17738","targetHints":{"allow":["GET"]}}],"collection":[{"href":"https:\/\/pacific-credo.fr\/en\/wp-json\/wp\/v2\/interventions-exteri"}],"about":[{"href":"https:\/\/pacific-credo.fr\/en\/wp-json\/wp\/v2\/types\/interventions-exteri"}],"version-history":[{"count":10,"href":"https:\/\/pacific-credo.fr\/en\/wp-json\/wp\/v2\/interventions-exteri\/17738\/revisions"}],"predecessor-version":[{"id":17751,"href":"https:\/\/pacific-credo.fr\/en\/wp-json\/wp\/v2\/interventions-exteri\/17738\/revisions\/17751"}],"wp:featuredmedia":[{"embeddable":true,"href":"https:\/\/pacific-credo.fr\/en\/wp-json\/wp\/v2\/media\/9783"}],"wp:attachment":[{"href":"https:\/\/pacific-credo.fr\/en\/wp-json\/wp\/v2\/media?parent=17738"}],"curies":[{"name":"wp","href":"https:\/\/api.w.org\/{rel}","templated":true}]}}

Diego Muñoz donnera la conférence Waitangi a Rapa Nui.

<p>à l&rsquo;UNAM pour le programme d&rsquo;Edutes &lsquo;Asia, Afriaca y Oceania&rsquo;<br />
(Conférence en ligne et en espagnol)</p>

<!-- This site is optimized with the Yoast SEO plugin v26.6 - https://yoast.com/wordpress/plugins/seo/ -->
<title>Diego Muñoz donnera la conférence Waitangi a Rapa Nui. - Credo</title>
<meta name="robots" content="index, follow, max-snippet:-1, max-image-preview:large, max-video-preview:-1" />
<link rel="canonical" href="https://pacific-credo.fr/en/interventions-exteri/diego-munoz-donnera-la-conference-waitangi-a-rapa-nui-los-tratados-de-cesion-y-los-dilemas-contemporaneos-sobre-la-soberania/" />
<meta property="og:locale" content="en_US" />
<meta property="og:type" content="article" />
<meta property="og:title" content="Diego Muñoz donnera la conférence Waitangi a Rapa Nui. - Credo" />
<meta property="og:description" content="à l&#039;UNAM pour le programme d&#039;Edutes &#039;Asia, Afriaca y Oceania&#039; (Conférence en ligne et en espagnol)" />
<meta property="og:url" content="https://pacific-credo.fr/en/interventions-exteri/diego-munoz-donnera-la-conference-waitangi-a-rapa-nui-los-tratados-de-cesion-y-los-dilemas-contemporaneos-sobre-la-soberania/" />
<meta property="og:site_name" content="Credo" />
<meta property="article:publisher" content="https://www.facebook.com/people/CREDO-Centre-de-Recherche-et-de-Documentation-sur-lOcanie/100087147725332/" />
<meta property="article:modified_time" content="2026-04-28T10:14:07+00:00" />
<meta property="og:image" content="https://pacific-credo.fr/wp-content/uploads/2025/01/Design-sans-titre-4.webp" />
	<meta property="og:image:width" content="464" />
	<meta property="og:image:height" content="321" />
	<meta property="og:image:type" content="image/webp" />
<meta name="twitter:card" content="summary_large_image" />
<meta name="twitter:label1" content="Est. reading time" />
	<meta name="twitter:data1" content="1 minute" />
<script type="application/ld+json" class="yoast-schema-graph">{"@context":"https://schema.org","@graph":[{"@type":"WebPage","@id":"https://pacific-credo.fr/interventions-exteri/diego-munoz-donnera-la-conference-waitangi-a-rapa-nui-los-tratados-de-cesion-y-los-dilemas-contemporaneos-sobre-la-soberania/","url":"https://pacific-credo.fr/interventions-exteri/diego-munoz-donnera-la-conference-waitangi-a-rapa-nui-los-tratados-de-cesion-y-los-dilemas-contemporaneos-sobre-la-soberania/","name":"Diego Muñoz donnera la conférence Waitangi a Rapa Nui. - Credo","isPartOf":{"@id":"https://pacific-credo.fr/en/#website"},"primaryImageOfPage":{"@id":"https://pacific-credo.fr/interventions-exteri/diego-munoz-donnera-la-conference-waitangi-a-rapa-nui-los-tratados-de-cesion-y-los-dilemas-contemporaneos-sobre-la-soberania/#primaryimage"},"image":{"@id":"https://pacific-credo.fr/interventions-exteri/diego-munoz-donnera-la-conference-waitangi-a-rapa-nui-los-tratados-de-cesion-y-los-dilemas-contemporaneos-sobre-la-soberania/#primaryimage"},"thumbnailUrl":"https://pacific-credo.fr/wp-content/uploads/2025/01/Design-sans-titre-4.webp","datePublished":"2026-04-28T10:09:43+00:00","dateModified":"2026-04-28T10:14:07+00:00","breadcrumb":{"@id":"https://pacific-credo.fr/interventions-exteri/diego-munoz-donnera-la-conference-waitangi-a-rapa-nui-los-tratados-de-cesion-y-los-dilemas-contemporaneos-sobre-la-soberania/#breadcrumb"},"inLanguage":"en-US","potentialAction":[{"@type":"ReadAction","target":["https://pacific-credo.fr/interventions-exteri/diego-munoz-donnera-la-conference-waitangi-a-rapa-nui-los-tratados-de-cesion-y-los-dilemas-contemporaneos-sobre-la-soberania/"]}]},{"@type":"ImageObject","inLanguage":"en-US","@id":"https://pacific-credo.fr/interventions-exteri/diego-munoz-donnera-la-conference-waitangi-a-rapa-nui-los-tratados-de-cesion-y-los-dilemas-contemporaneos-sobre-la-soberania/#primaryimage","url":"https://pacific-credo.fr/wp-content/uploads/2025/01/Design-sans-titre-4.webp","contentUrl":"https://pacific-credo.fr/wp-content/uploads/2025/01/Design-sans-titre-4.webp","width":464,"height":321},{"@type":"BreadcrumbList","@id":"https://pacific-credo.fr/interventions-exteri/diego-munoz-donnera-la-conference-waitangi-a-rapa-nui-los-tratados-de-cesion-y-los-dilemas-contemporaneos-sobre-la-soberania/#breadcrumb","itemListElement":[{"@type":"ListItem","position":1,"name":"Accueil","item":"https://pacific-credo.fr/"},{"@type":"ListItem","position":2,"name":"Diego Muñoz donnera la conférence Waitangi a Rapa Nui."}]},{"@type":"WebSite","@id":"https://pacific-credo.fr/en/#website","url":"https://pacific-credo.fr/en/","name":"Credo","description":"","publisher":{"@id":"https://pacific-credo.fr/en/#organization"},"potentialAction":[{"@type":"SearchAction","target":{"@type":"EntryPoint","urlTemplate":"https://pacific-credo.fr/en/?s={search_term_string}"},"query-input":{"@type":"PropertyValueSpecification","valueRequired":true,"valueName":"search_term_string"}}],"inLanguage":"en-US"},{"@type":"Organization","@id":"https://pacific-credo.fr/en/#organization","name":"Credo","url":"https://pacific-credo.fr/en/","logo":{"@type":"ImageObject","inLanguage":"en-US","@id":"https://pacific-credo.fr/en/#/schema/logo/image/","url":"https://pacific-credo.fr/wp-content/uploads/2024/07/®CREDO.webp","contentUrl":"https://pacific-credo.fr/wp-content/uploads/2024/07/®CREDO.webp","width":637,"height":591,"caption":"Credo"},"image":{"@id":"https://pacific-credo.fr/en/#/schema/logo/image/"},"sameAs":["https://www.facebook.com/people/CREDO-Centre-de-Recherche-et-de-Documentation-sur-lOcanie/100087147725332/","https://www.linkedin.com/company/credo-centre-de-recherche-et-de-documentation-sur-l-ocanie/about/?viewAsMember=true"]}]}</script>
<!-- / Yoast SEO plugin. -->

Diego Muñoz donnera la conférence Waitangi a Rapa Nui. - Credo

à l'UNAM pour le programme d'Edutes 'Asia, Afriaca y Oceania' (Conférence en ligne et en espagnol)
