{"version":"1.0","provider_name":"Credo","provider_url":"https:\/\/pacific-credo.fr\/en","author_name":"Caroline_Cavallasca","author_url":"https:\/\/pacific-credo.fr\/en\/author\/caroline_cavallasca\/","title":"L'exposition Washi du M\u00fbrier au Manga, l'Art du papier au Japon - Credo","type":"rich","width":600,"height":338,"html":"<blockquote class=\"wp-embedded-content\" data-secret=\"Ormpk5Pp7m\"><a href=\"https:\/\/pacific-credo.fr\/en\/mediation-scientifiq\/exposition_washi\/\">L&rsquo;exposition Washi du M\u00fbrier au Manga, <br \/>l&rsquo;Art du papier au Japon<\/a><\/blockquote><iframe sandbox=\"allow-scripts\" security=\"restricted\" src=\"https:\/\/pacific-credo.fr\/en\/mediation-scientifiq\/exposition_washi\/embed\/#?secret=Ormpk5Pp7m\" width=\"600\" height=\"338\" title=\"&ldquo;L&rsquo;exposition Washi du M&ucirc;rier au Manga, &lt;br \/&gt;l&rsquo;Art du papier au Japon&rdquo; &mdash; Credo\" data-secret=\"Ormpk5Pp7m\" frameborder=\"0\" marginwidth=\"0\" marginheight=\"0\" scrolling=\"no\" class=\"wp-embedded-content\"><\/iframe><script type=\"text\/javascript\">\n\/* <![CDATA[ *\/\n\/*! This file is auto-generated *\/\n!function(d,l){\"use strict\";l.querySelector&&d.addEventListener&&\"undefined\"!=typeof URL&&(d.wp=d.wp||{},d.wp.receiveEmbedMessage||(d.wp.receiveEmbedMessage=function(e){var t=e.data;if((t||t.secret||t.message||t.value)&&!\/[^a-zA-Z0-9]\/.test(t.secret)){for(var s,r,n,a=l.querySelectorAll('iframe[data-secret=\"'+t.secret+'\"]'),o=l.querySelectorAll('blockquote[data-secret=\"'+t.secret+'\"]'),c=new RegExp(\"^https?:$\",\"i\"),i=0;i<o.length;i++)o[i].style.display=\"none\";for(i=0;i<a.length;i++)s=a[i],e.source===s.contentWindow&&(s.removeAttribute(\"style\"),\"height\"===t.message?(1e3<(r=parseInt(t.value,10))?r=1e3:~~r<200&&(r=200),s.height=r):\"link\"===t.message&&(r=new URL(s.getAttribute(\"src\")),n=new URL(t.value),c.test(n.protocol))&&n.host===r.host&&l.activeElement===s&&(d.top.location.href=t.value))}},d.addEventListener(\"message\",d.wp.receiveEmbedMessage,!1),l.addEventListener(\"DOMContentLoaded\",function(){for(var e,t,s=l.querySelectorAll(\"iframe.wp-embedded-content\"),r=0;r<s.length;r++)(t=(e=s[r]).getAttribute(\"data-secret\"))||(t=Math.random().toString(36).substring(2,12),e.src+=\"#?secret=\"+t,e.setAttribute(\"data-secret\",t)),e.contentWindow.postMessage({message:\"ready\",secret:t},\"*\")},!1)))}(window,document);\n\/\/# sourceURL=https:\/\/pacific-credo.fr\/wp-includes\/js\/wp-embed.min.js\n\/* ]]> *\/\n<\/script>","thumbnail_url":"https:\/\/pacific-credo.fr\/wp-content\/uploads\/2025\/01\/Design-sans-titre-4.webp","thumbnail_width":464,"thumbnail_height":321,"description":"L&rsquo;exposition \u00e0 la Villa Magdala Expo Washi re\u0301gion d&rsquo;Ayabe Expo Washi Bashofu d&rsquo;Okinawa Design T. Saka Frag-\u00eeles Akeji Calligraphie sur Washi L&rsquo;exposition \u00e0 l\u2019\u00e9comus\u00e9e du bois d\u2019Aubonne (Suisse) en collaboration avec Damien Kunik du Mus\u00e9e Ethnographique de Gen\u00e8ve et du Mus\u00e9e du bois En savoir plus Akeji Sumiyoshi Akeji Sumiyoshi est un calligraphe et ma\u00eetre [&hellip;]"}

L'exposition Washi du Mûrier au Manga, l'Art du papier au Japon - Credo

<blockquote class="wp-embedded-content" data-secret="Ormpk5Pp7m"><a href="https://pacific-credo.fr/en/mediation-scientifiq/exposition_washi/">L&rsquo;exposition Washi du Mûrier au Manga, <br />l&rsquo;Art du papier au Japon</a></blockquote><iframe sandbox="allow-scripts" security="restricted" src="https://pacific-credo.fr/en/mediation-scientifiq/exposition_washi/embed/#?secret=Ormpk5Pp7m" width="600" height="338" title="&ldquo;L&rsquo;exposition Washi du M&ucirc;rier au Manga, &lt;br /&gt;l&rsquo;Art du papier au Japon&rdquo; &mdash; Credo" data-secret="Ormpk5Pp7m" frameborder="0" marginwidth="0" marginheight="0" scrolling="no" class="wp-embedded-content"></iframe><script type="text/javascript">
/* <![CDATA[ */
/*! This file is auto-generated */
!function(d,l){"use strict";l.querySelector&&d.addEventListener&&"undefined"!=typeof URL&&(d.wp=d.wp||{},d.wp.receiveEmbedMessage||(d.wp.receiveEmbedMessage=function(e){var t=e.data;if((t||t.secret||t.message||t.value)&&!/[^a-zA-Z0-9]/.test(t.secret)){for(var s,r,n,a=l.querySelectorAll('iframe[data-secret="'+t.secret+'"]'),o=l.querySelectorAll('blockquote[data-secret="'+t.secret+'"]'),c=new RegExp("^https?:$","i"),i=0;i<o.length;i++)o[i].style.display="none";for(i=0;i<a.length;i++)s=a[i],e.source===s.contentWindow&&(s.removeAttribute("style"),"height"===t.message?(1e3<(r=parseInt(t.value,10))?r=1e3:~~r<200&&(r=200),s.height=r):"link"===t.message&&(r=new URL(s.getAttribute("src")),n=new URL(t.value),c.test(n.protocol))&&n.host===r.host&&l.activeElement===s&&(d.top.location.href=t.value))}},d.addEventListener("message",d.wp.receiveEmbedMessage,!1),l.addEventListener("DOMContentLoaded",function(){for(var e,t,s=l.querySelectorAll("iframe.wp-embedded-content"),r=0;r<s.length;r++)(t=(e=s[r]).getAttribute("data-secret"))||(t=Math.random().toString(36).substring(2,12),e.src+="#?secret="+t,e.setAttribute("data-secret",t)),e.contentWindow.postMessage({message:"ready",secret:t},"*")},!1)))}(window,document);
//# sourceURL=https://pacific-credo.fr/wp-includes/js/wp-embed.min.js
/* ]]> */
</script>

L&rsquo;exposition à la Villa Magdala Expo Washi région d&rsquo;Ayabe Expo Washi Bashofu d&rsquo;Okinawa Design T. Saka Frag-îles Akeji Calligraphie sur Washi L&rsquo;exposition à l’écomusée du bois d’Aubonne (Suisse) en collaboration avec Damien Kunik du Musée Ethnographique de Genève et du Musée du bois En savoir plus Akeji Sumiyoshi Akeji Sumiyoshi est un calligraphe et maître [&hellip;]
